3*k. What is i(w)?
19
Let p(t) = -t**3 - 4*t**2 + 7*t + 12. Let h be p(-5). Let x(n) = -110*n - n**3 - 4*n**h + 8*n**2 + 109*n + 3*n**2. Determine x(7).
-7
Let j(r) = 3*r - 32. Suppose 0 = -17*o + 65*o - 720. What is j(o)?
13
Let i = 5 + 2. Suppose 0 = 3*n + 3*t - 3, t + i = -4*n + n. Let l be (-10)/4*n/5 - -2. Let v(y) = -y**3 + 3*y**2 + 3*y + 4. Calculate v(l).
0
Let q(d) = -d**3 + 2*d**2 + 6 - 4 - 21*d - 25*d + 70*d - 25*d. Let j(l) = 5*l + 4. Let h be j(4). Let a = h - 21. What is q(a)?
-10
Let o(q) be the first derivative of -q**2/2 - 6*q - 507. Let l(d) = -d**3 - 15*d**2 - 16*d - 28. Let g be l(-14). Give o(g).
-6
Let f(q) = q**3 + 24*q**2 + 21. Let c = 6667 + -6691. Determine f(c).
21
Let n(f) = 4*f + 17. Let a = 10188 + -10195. Calculate n(a).
-11
Let t(m) = 6 + 13*m - 7*m - 3*m - m - m. Let z be t(-1). Let u(h) = -h + 2 + 5 + 2. Give u(z).
4
Let k = -3 - -2. Let u(y) be the third derivative of 0*y + 29*y**2 + 5/12*y**4 + 0*y**3 + 0. What is u(k)?
-10
Let l be ((-2)/(-4))/((-5)/(-20)). Let b(k) = k + 9*k**3 + 2 - 3*k**2 - 29*k**3 + l + 19*k**3. Suppose 2*t = -8 + 2. Determine b(t).
1
Let x be (-42)/15*10/2. Let y(p) be the first derivative of p**2/2 + 3*p - 2718. Give y(x).
-11
Let o = 7 - 4. Let t(f) = -5*f**3 - f**2 - 2*f + 3. Let s be 5/3 - 20/(-6) - 8. Let k(w) = 7*w**3 + 2*w**2 + 3*w - 5. Let g(j) = s*t(j) - 2*k(j). What is g(o)?
19
Let f(s) = -4*s**3 - 20*s**2 + s - 7. Let l = -10585 + 10580. What is f(l)?
-12
Suppose -3*m - 9 = -3*f, m - 3*f + 4*f - 5 = 0. Let x(j) = j**2 - m - 13*j**3 - 15*j**3 - 17*j**3 + 42*j**3. Give x(-1).
3
Let d(x) = -46*x**3 + 2*x**2 + x - 20. Let b(n) = -37*n**3 + 3*n**2 + 2*n - 20. Let u(s) = 5*b(s) - 4*d(s). What is u(9)?
-128
Let g(y) = 11*y**3 + 5*y**2 + 37*y - 16. Let t(i) = -20*i**3 - 11*i**2 - 78*i + 32. Let x(c) = -11*g(c) - 6*t(c). Determine x(15).
-1
Let f(k) = k**3 + 30*k**2 + 30*k + 16. Let h = 4723 - 4752. Determine f(h).
-13
Let v = -24 + 27. Let a = 2 + v. Let h(q) be the first derivative of -q**4/4 + 5*q**3/3 + q + 133. What is h(a)?
1
Let m(g) be the first derivative of g**5/60 - 5*g**4/12 - 23*g**3/3 - 77. Let t(v) be the third derivative of m(v). Give t(7).
4
Let y(a) = -a**3 + 11*a**2 - 3*a - 15. Let v be y(7). Suppose g - v = -9*g. Suppose -14 = -5*i + g. Let t(f) = -f + 8. Determine t(i).
2
Let l(n) = 19*n**3 - 15*n**2 + 4*n + 41. Let z(j) = -17*j**3 + 14*j**2 - 4*j - 37. Let m(t) = 8*l(t) + 9*z(t). Calculate m(2).
3
Let y = -51 + 197. Let o(g) = -2*g**3 - g + 144 - g**2 + 0*g + 0*g**3 - y. Give o(-2).
12
Let x(z) be the second derivative of z**4/6 + 3*z**3/2 + z**2/2 - 3*z. Let h(o) = 596*o - 10138. Let s be h(17). Calculate x(s).
19
Let t = -1 + 1. Let y(b) be the third derivative of -b**5/60 - b**4/24 - 5*b**3/2 + 521*b**2 - 3. Determine y(t).
-15
Let l(r) be the second derivative of r**5/20 - r**4 + 13*r**3/6 - 21*r**2/2 + 247*r + 1. Give l(11).
1
Let i(d) = d**3 - 17*d**2 + 6. Let a = -6 + 23. Let j be i(a). Let f(h) = -j*h - h - 3 + 4*h + 4*h. Determine f(-4).
-7
Let g(t) = -2*t - 1. Let u(i) be the third derivative of -7*i**4/12 + i**3/6 + 47*i**2 - i. Let b(a) = 6*g(a) - u(a). What is b(5)?
3
Suppose 0 = -13*v + 316 - 108. Suppose 3*b + 0*b = 3*j - 21, -3*j + v = 2*b. Let a(h) = -2*h**2 + 7*h - 3. What is a(j)?
-33
Let h(m) be the second derivative of -m**5/20 - m**4/3 + 17*m**3/6 + m**2 + 375*m. Determine h(-6).
-28
Suppose 10*k - 9*k = 1. Let z be ((-24)/9 - -3)/(k/(-15)). Let g(r) = r - 7. What is g(z)?
-12
Let l(j) = j**3 + j**2 + j + 20. Let w = -29615 + 29620. Suppose 0 = -3*q + 3*v + 12, -q - 5*v = -0*q + 2. Suppose w*k - 3*k = -q*k. Give l(k).
20
Let z = 28736 + -28743. Let w(x) = x**2 - 23*x - 223. Calculate w(z).
-13
Suppose -7*s - 42*s + 147 = 0. Let x(w) be the third derivative of 1/6*w**s + 1/24*w**4 + 0 + 6*w**2 + 0*w. Determine x(4).
5
Let s(z) be the second derivative of z**5/10 - 5*z**4/12 - z**3/2 + 5*z**2 + z + 2174. Give s(5).
120
Let w(f) = -25*f + 17*f**2 - 26*f - f**3 + 56*f - 26*f - 21*f. What is w(14)?
0
Let m(v) = v**2 - v - 19. Let w(x) = 2*x**2 - 2*x - 36. Let k(n) = 11*m(n) - 6*w(n). Suppose 0 = 6*h - 2*h - h. Calculate k(h).
7
Let w(x) = x - 11. Let f(s) = 18*s**3 - 10*s**2 - 2*s + 5. Let c(k) = k**3 - k**2 - k + 1. Let r(n) = -6*c(n) + f(n). Let i be r(1). Give w(i).
0
Let f(o) = o**3 - 14*o**2 + 42*o + 9. Let v be (0/(6/(-1)))/(-1) - -5. Determine f(v).
-6
Let q(f) be the second derivative of 5*f**3/6 + 5*f**2 + 167*f. Let r(a) = -7*a - 12. Let c(k) = -4*q(k) - 3*r(k). What is c(5)?
1
Let c(n) = -300*n + 150*n + 10 + 2 + 154*n. Give c(-4).
-4
Let d(c) = 2*c**2 + 18*c + 3. Let u be d(-9). Let a(q) = 22*q**u + 2*q + 1 - 21*q**3 + 0*q + q**2. Give a(-2).
-7
Let f(l) = l**3 + 4*l**2 + 6*l - 2. Let i be 2 + (-14)/4 - (-1337)/(-382). Calculate f(i).
-57
Let m(u) = -u**2 + 28*u - 85. Suppose 0 = -5*s - c + 125, -4*c - 10 - 15 = -s. Give m(s).
-10
Suppose 4*l + 194 = 214. Let p(z) = 3*z**2 - 13*z - 6. What is p(l)?
4
Let m(t) = -2*t**2 - 24*t - 19. Let d be m(-11). Let w(o) = -9*o + 1190*o**3 - 398*o**3 + 7*o**2 - 394*o**3 - 399*o**d. Calculate w(6).
-18
Let z(u) = -9*u**3 + 21*u**2 - 28*u + 23. Let x(c) = 5*c**3 - 10*c**2 + 14*c - 12. Let t = 270 - 274. Let l(r) = t*z(r) - 7*x(r). Give l(13).
5
Suppose 3149*w + 324 = 3167*w. Let a(m) = -2*m**2 + 37*m - 16. Determine a(w).
2
Let k(g) = -g**3 - 19*g**2 + 21*g + 43. Let p = 7724 + -7744. What is k(p)?
23
Let t be 0 + 0 - 4/(-2). Let a(g) = t*g - 2*g - g**2 + 4 - 5*g. Suppose -64*c + 408 = -291*c - 727. What is a(c)?
4
Let o(d) = 7*d**2 - 11*d. Let f be o(0). Let m(t) = t**2 + 3*t - 7. Give m(f).
-7
Suppose -3*w = 6, -h + 134*w - 136*w = -3. Let g(p) = -p**2 + 11*p + 9. What is g(h)?
37
Let r be (-22)/(-99) - ((-88)/9 - 1). Suppose l - r = 28. Let a(j) = -4*j**2 + 33 - 3*j - 2*j + j**3 - 66 + l. Give a(5).
6
Let i(u) = u + 3. Let t(n) = n**2 + 2*n - 5. Let v be t(2). Let l be ((v - 3)/2)/(-1). Suppose -s - s - 4*r = -6, l = -s - 4*r + 3. What is i(s)?
6
Let m be (-17)/(204/(-210))*4/5. Let d(j) = j**3 - 12*j**2 - 30*j + 14. Give d(m).
-14
Let l(r) = -r**2 + 10*r + 2. Let n(q) = q**2 + 10*q + 21. Let u be n(-8). Suppose -2*k + 18 = k + 3*h, 0 = 2*k - u*h - 19. Calculate l(k).
23
Let o(m) = 9*m - 11*m**2 + 12 + 104 + 10 - 119 + m**3. Calculate o(10).
-3
Let i(q) be the third derivative of q**4/6 - 11*q**3/6 + 1021*q**2. Calculate i(9).
25
Let d(k) be the second derivative of -3*k**5/20 + k**4/6 + k**3/6 + k**2 - 1715*k. What is d(-2)?
32
Suppose -3*k = 5*u - u - 72, 0 = -4*u + 2*k + 92. Let t(s) = -s + 81. Determine t(u).
60
Let r = 2 + 0. Suppose -2*n - 5 - 10 = -o, 0 = 2*o + r*n. Let z(i) = o*i - 8*i - i**3 - 2*i**2 - 2*i**2. Calculate z(-2).
-2
Let l(t) = -3*t**2 - 28*t + 570. Let k(c) = -2*c**2 - 19*c + 399. Let w(x) = -7*k(x) + 5*l(x). Give w(-12).
-3
Let i(v) be the first derivative of -v**4/4 - 5*v**3 + 8*v**2 - 9*v + 508. Give i(-16).
-9
Let x(u) be the second derivative of u**3/2 + 3*u**2 + 8*u + 6. Let m(k) = -k**2 - 8*k - 2. Let s be m(-7). Determine x(s).
21
Let k(q) be the third derivative of -q**4/6 + 29*q**3/6 + 528*q**2. Determine k(12).
-19
Let b(p) = -821*p**2 + 401*p**2 - p**3 - 12 - 5*p + 412*p**2. Give b(-7).
-26
Let q(c) = -274*c + 819. Let l be q(3). Let u(p) = p**3 - 2. Determine u(l).
-29
Let b(g) = 16*g**2 + 11*g + 9. Let q(w) = 14*w**2 + 15*w + 9. Let y(x) = -3*b(x) + 2*q(x). Calculate y(-2).
-83
Let p(m) be the second derivative of 3/2*m**2 + 5/12*m**4 - 16 - 1/20*m**5 - 1/6*m**3 + 7*m. Calculate p(4).
15
Let d(f) = -2*f**2 - 8*f - 5. Let j(i) be the second derivative of -i**3/6 - i**2 - 94*i. Let u(t) = d(t) - 4*j(t). Give u(2).
-13
Let m(z) = -60*z**2 + 14*z - 3. Let q(l) = 53*l**2 - 12*l + 2. Let o(n) = -8*m(n) - 9*q(n). Determine o(3).
21
Let m(i) = -11 + 7*i - i**2 + 6*i + 0. Suppose 0 = -5*u + 35, -5*h - 3 + 46 = -u. What is m(h)?
19
Let c(b) be the third derivative of -b**5/60 + b**4/6 - b**3/6 - 43896*b**2. Let w be (-2)/5*(-5 - 0). Suppose p + 5*f = 6*f - w, 0 = p + 5*f - 28. Give c(p).
2
Let l(c) be the first derivative of -c**4/4 + 4*c**3/3 + 5*c**2/2 - 8*c - 3312. Calculate l(6).
-50
Let j(f) = -15*f - 30. Suppose 111*n + n = -4*n - 580. Calculate j(n).
45
Suppose 48*h + 101 - 377 = 2*h. Let q(j) be the third derivative of -j**6/120 + j**5/12 + 5*j**4/24 + 7*j*